?
17
Let s(g) = g**2 + 28*g + 163. Let l be s(-8). Suppose 265 = l*n - 0*p - 5*p, 5*p + 425 = 5*n. What is the greatest common factor of 260 and n?
20
Let f = -35 - 40. Let p = 114 + f. What is the greatest common divisor of 78 and p?
39
Suppose o - 72 = 2*a + 334, -4*o + 4*a = -1640. What is the greatest common divisor of o and 114?
6
Suppose 8957 = 15*f - 2443. Suppose -f - 98 = -11*t. What is the greatest common factor of t and 52?
26
Suppose -2*j + h = 4*h - 3, h - 29 = 4*j. Let b be (20/(-6))/(j/333). Let y be ((-740)/2)/(56/((-224)/20)). What is the highest common factor of b and y?
37
Let r(x) = 70*x - 765. Let u be r(12). What is the highest common divisor of 3975 and u?
75
Suppose 21*m + 6*m - 338 = 1228. What is the highest common divisor of 14094 and m?
58
Suppose 0 = 23*n - 24*n - 4*o + 31, 3*n + 4*o - 141 = 0. Let s = -6 - -11. Calculate the greatest common factor of s and n.
5
Let l(z) = -17*z - 26 - 5 - z**2 + 16 - z**2. Let v be l(-7). Let g be 277 - (v/(-3) + 4). What is the greatest common divisor of 25 and g?
25
Let v = -22 - -26. Suppose -5*c + 86 = 4*j, -j = -v*c - 6*j + 76. Let d = 1544 - 1502. What is the greatest common divisor of d and c?
14
Let r(z) = 9*z**2 + 12*z + 10*z**2 + 4*z**2 - 24 - 16*z**2. Let k be r(9). Calculate the greatest common factor of 93 and k.
93
Let p(q) = 42*q - 42. Let v(d) = -2*d**3 - 16*d**2 - 2*d - 10. Let w be v(-8). Let i be p(w). Calculate the greatest common divisor of i and 7.
7
Let f be (-2926)/66 + (-2)/3. Let u = f - -59. Suppose 15*r - 2701 = -811. What is the highest common divisor of r and u?
14
Let u be 2/(-6) + (-65)/(-15). Let l(i) = -i**3 - 3*i**2 + 4*i - 7. Let g be l(-5). Suppose 0 = t + 3 - g. What is the highest common factor of u and t?
4
Suppose 5*m = 2995 + 965. Suppose -k + m = 10*k. Let d = 88 - k. What is the highest common divisor of 8 and d?
8
Let w(u) = 2*u + 15. Let g be w(-6). Suppose -g*c + c = -34. Let b(m) = 3*m**2 + 30*m - 4. Let t be b(-12). What is the highest common factor of c and t?
17
Suppose 13*y - 383*y = -43*y - 215820. What is the greatest common divisor of y and 2880?
60
Suppose -8*a - 3*m = -4*a - 983, 1225 = 5*a + 5*m. Let b = a - 200. What is the greatest common factor of b and 96?
48
Let v(b) be the third derivative of 13*b**4/24 + 109*b**3/3 - 102*b**2. Let f be v(34). Calculate the greatest common divisor of 60 and f.
60
Let j be (-4)/(-6) + (-76)/(-12). Let p(l) = -56*l**2 + 395*l + 28. Let v be p(7). Calculate the highest common divisor of j and v.
7
Let p = 31 + -137. Let a = -91 - p. Calculate the greatest common factor of a and 75.
15
Let l(u) = 4*u**2 + 4*u - 360. Let g be l(-11). Calculate the highest common divisor of 150 and g.
10
Let r be 0 - ((-2)/(-5) + 2592/45). Let t = r - -64. Let u be 3*(-3)/(3 - t) - 0. Calculate the highest common factor of u and 9.
3
Let d be (-206 - -138)*3/(-6). What is the highest common factor of d and 1139?
17
Let p(g) = -11*g - 926. Let f be p(-86). Calculate the greatest common factor of f and 222.
2
Let s(g) be the third derivative of 4*g**5/15 - 5*g**4/24 + 4*g**3/3 - g**2 - 50. Let v be s(2). Calculate the highest common divisor of v and 186.
62
Suppose -3*w = 4*j - 72, -74*j = -4*w - 77*j + 117. Suppose -3*a + 2*h + 33 = 0, 0 = 5*a - h - 3*h - 57. What is the highest common factor of w and a?
9
Let h = 2970 + 14864. What is the greatest common divisor of h and 74?
74
Suppose -185 = -p - 3*h, -10*p + 7*p + 4*h + 594 = 0. Calculate the highest common factor of 10282 and p.
194
Suppose -19*a + 4*a = -15. Let v be (-27 + 30)*a*9 - 3. What is the greatest common divisor of 48 and v?
24
Let d = -6267 + 6270. Let k be (468/65)/((-6)/(-40)). Calculate the greatest common factor of d and k.
3
Suppose -13*s + 11*s = -2*c + 8, 0 = -2*s - 6. Let l be c/(-4 + -4*3/(-4)). Let u be -37*(l + (-3)/(-6))*2. Calculate the highest common divisor of 148 and u.
37
Let w be 3/2*(30 - 0). Let q = -3667 + 3672. Calculate the highest common factor of w and q.
5
Let n = 69 - 67. Suppose -n*b + 147 = k + 2*k, 0 = 2*b + 5*k - 157. Suppose -17*w = -14*w - 66. Calculate the greatest common factor of w and b.
22
Suppose -12*b + 52 = -8*b. Suppose 0 = -j + o + 27, -b*j + 5*o - 121 = -16*j. What is the highest common divisor of 20 and j?
4
Let m = 22688 - 16073. Calculate the highest common divisor of 15 and m.
15
Suppose s + 13 = a, -4*s - 4 = 4. Let g be (-10)/40 + (-74)/(-8). Let y(b) = 4*b - 25. Let k be y(g). Calculate the greatest common divisor of k and a.
11
Let i(m) be the second derivative of m**5/20 + m**4/12 + 5*m**3/2 + 27*m**2/2 + 96*m + 3. Let h be i(5). Calculate the greatest common factor of 36 and h.
36
Let s be 2/4 - 11/44*-20646. What is the greatest common factor of s and 89?
89
Let c be (12/10)/((-114)/285) - -48. Calculate the highest common factor of 1545 and c.
15
Let v(a) = -23*a + 5. Let c be v(-4). Suppose 4*h = -419 - c. Let p = 193 + h. Calculate the greatest common divisor of 8 and p.
8
Let w(k) = k**3 - 18*k**2 - 3*k - 234. Let d be w(19). What is the greatest common divisor of 3710 and d?
70
Suppose 0 = 4*t + 275 - 263. Let x be (22 - -1) + (t - -6). Calculate the highest common factor of 65 and x.
13
Suppose -290*j = -280*j - 20. Suppose -7*a - 3055 = -3*o - 11*a, -1035 = -o + j*a. What is the highest common divisor of o and 25?
25
Let h be -62 + 68 + 21/(1 + 2). What is the highest common divisor of 16861 and h?
13
Let q(r) = 5*r + 79. Let c be q(-14). Let x = -51 + 84. What is the greatest common divisor of x and c?
3
Let v(j) = -35*j**2 + 8*j + 200. Let r be v(0). Calculate the highest common divisor of r and 1540.
20
Let l be 0 - (-6)/(-16) - 10425/40. Let k = -128 - l. What is the highest common factor of k and 38?
19
Let w(q) = -322*q + 2934. Let i be w(7). What is the greatest common factor of 20 and i?
20
Suppose -z - 2*r - 21 + 63 = 0, -17 = -z + 3*r. Let x = 43 - z. Calculate the highest common factor of x and 132.
11
Let w be 6/3 - 89/(7/(-7)). Suppose -56*h + 63*h - w = 0. Calculate the highest common divisor of 169 and h.
13
Let q(v) = -10*v**2 + 52*v - 2. Let h be q(5). Let u(a) = -a**3 - 2*a - 2. Let i be u(-1). Calculate the greatest common divisor of i and h.
1
Let f(r) = -13*r**3 + r**2 + 47*r + 122. Let t be f(-6). What is the highest common divisor of 305 and t?
61
Let x(i) = 3*i + 13. Let m be x(4). Suppose 252 = 43*w - m*w. What is the greatest common divisor of 112 and w?
14
Let u be (-4501770)/(-945) - (21/27 - 1). Calculate the greatest common divisor of 24 and u.
12
Suppose -a = -5*a + 48. Suppose 0 = -2*q - 20 - a. Let m be (-36)/(-96) - 202/q. What is the greatest common divisor of m and 143?
13
Suppose -2304 = -k - 2*k. Suppose -r - 3*y = -192, -4*y - k = -4*r + y. Suppose -6*u + r = -12. Calculate the highest common factor of 17 and u.
17
Let f = -282 + 471. Let d be 93*5/15 + -1. Let y be 1 + d*4/6. Calculate the highest common factor of f and y.
21
Let x(f) = f**2 - 11*f - 47. Let n be x(15). Let t(s) = s**3 + 25*s**2 + 46*s + 1. Let w be t(-23). Calculate the highest common divisor of n and w.
1
Let b(n) = n**2 + 17*n - 63. Let f be b(-20). Let g be 1/(340/112 + f). Let x(c) = 7*c**2. Let a be x(-1). What is the greatest common factor of a and g?
7
Let a be (-2 - (-64)/28) + 33285/(-49). Let z = a + 917. What is the highest common factor of z and 34?
34
Let p = 5182 - 4552. What is the highest common factor of p and 882?
126
Let f be (-111 + 5835)*1/((-2)/(-1)). What is the greatest common factor of 12 and f?
6
Suppose 2*h = 5*s + 7, -2*h + 4*s = h - 14. Suppose 3*y = 3*j - h, y + 12 = 5*y. What is the highest common factor of j and 115?
5
Let i be (45/20)/((-27)/(-1152)). Suppose 12*v = 4*v + i. What is the highest common divisor of 150 and v?
6
Let t(a) = 8*a + 21. Let m be t(3). Suppose -2*h = 10, 5*j + 0*h + 5*h - m = 0. What is the greatest common factor of j and 42?
14
Let y = 31196 + -31183. Suppose p + 0*p = 299. What is the highest common divisor of p and y?
13
Suppose 0 = 31*m + 141*m + 7*m - 738375. Calculate the greatest common factor of m and 660.
165
Let o(x) = x**2 - 387*x - 7268. Let z be o(-18). Suppose 2*f - 2*g - 3 + 1 = 0, 31 = f + 5*g. Calculate the greatest common factor of f and z.
2
Suppose -3*g + 16 = -2*f, -g + 27 = -3*f - 2*f. Suppo